{"id":20,"date":"2019-04-11T18:55:50","date_gmt":"2019-04-11T18:55:50","guid":{"rendered":"http:\/\/77.240.19.22\/~martsarikilingi\/kilingi\/?page_id=20"},"modified":"2025-09-05T22:50:46","modified_gmt":"2025-09-05T19:50:46","slug":"yhteystiedot","status":"publish","type":"page","link":"https:\/\/martsari-kilingi.fi\/kilingi\/yhteystiedot\/","title":{"rendered":"Yhteystiedot"},"content":{"rendered":"<div class=\"oKdM2c\">\n<div id=\"h.p_ywqAN3iqS6zm\" class=\"hJDwNd-AhqUyc-OwsYgb jXK9ad D2fZ2 OjCsFc GNzUNc\">\n<div class=\"jXK9ad-SmKAyb jXK9ad-SmKAyb-c4YZDc\">\n<div class=\"tyJCtd mGzaTb baZpAe\">\n<p id=\"h.p_6uriVt_IS60A\" class=\"zfr3Q\">Puheenjohtaja:<em><strong><img loading=\"lazy\" decoding=\"async\" class=\"alignleft wp-image-21 size-full\" src=\"http:\/\/77.240.19.22\/~martsarikilingi\/kilingi\/wp-content\/uploads\/group.jpg\" alt=\"\" width=\"472\" height=\"265\" srcset=\"https:\/\/martsari-kilingi.fi\/kilingi\/wp-content\/uploads\/group.jpg 472w, https:\/\/martsari-kilingi.fi\/kilingi\/wp-content\/uploads\/group-300x168.jpg 300w\" sizes=\"auto, (max-width: 472px) 100vw, 472px\" \/><\/strong><\/em><\/p>\n<\/div>\n<\/div>\n<\/div>\n<\/div>\n<div class=\"oKdM2c\">\n<div id=\"h.p_kLXOfrqfS602\" class=\"hJDwNd-AhqUyc-OwsYgb jXK9ad D2fZ2 wHaque GNzUNc\">\n<div class=\"jXK9ad-SmKAyb jXK9ad-SmKAyb-c4YZDc\">\n<div class=\"tyJCtd mGzaTb baZpAe\">\n<p id=\"h.p_g-QnMLs4YQ9V\" class=\"zfr3Q\">Jani Puroranta<\/p>\n<p><a href=\"mailto:jani.puroranta@gmail.com\">jani.puroranta@gmail.com<\/a><\/p>\n<div class=\"PwMt2d\">\n<div class=\"a4qjWd EKJj3b\">Rahastonhoitaja: Sinikka Kuusniemi<\/div>\n<\/div>\n<\/div>\n<\/div>\n<\/div>\n<\/div>\n<p>Sihteeri: Marjo Kekki<\/p>\n<p>J\u00e4senasiat: Marjo Kekki: <a href=\"mailto:marjo.kekki@gmail.com\">marjo.kekki@gmail.com<\/a><\/p>\n<p>&nbsp;<\/p>\n<p>&nbsp;<\/p>\n<p>Yhdistyksen rahanker\u00e4yslupa: RA\/2020\/1575<\/p>\n<p>Yhdistyksen j\u00e4senmaksu on 15 euroa (8 euroa opiskelijat ja ty\u00f6tt\u00f6m\u00e4t)<\/p>\n<p>Yhdistyksen tilinumero: FI16 4055 0010 9993 87<\/p>\n<p>J\u00e4senmaksun viitenumero: 2053<\/p>\n<hr \/>\n\n<div class=\"wpcf7 no-js\" id=\"wpcf7-f309-o1\" lang=\"fi\" dir=\"ltr\" data-wpcf7-id=\"309\">\n<div class=\"screen-reader-response\"><p role=\"status\" aria-live=\"polite\" aria-atomic=\"true\"><\/p> <ul><\/ul><\/div>\n<form action=\"\/kilingi\/wp-json\/wp\/v2\/pages\/20#wpcf7-f309-o1\" method=\"post\" class=\"wpcf7-form init\" aria-label=\"Yhteydenottolomake\" novalidate=\"novalidate\" data-status=\"init\">\n<fieldset class=\"hidden-fields-container\"><input type=\"hidden\" name=\"_wpcf7\" value=\"309\" \/><input type=\"hidden\" name=\"_wpcf7_version\" value=\"6.1.4\" \/><input type=\"hidden\" name=\"_wpcf7_locale\" value=\"fi\" \/><input type=\"hidden\" name=\"_wpcf7_unit_tag\" value=\"wpcf7-f309-o1\" \/><input type=\"hidden\" name=\"_wpcf7_container_post\" value=\"0\" \/><input type=\"hidden\" name=\"_wpcf7_posted_data_hash\" value=\"\" \/><input type=\"hidden\" name=\"_wpcf7_recaptcha_response\" value=\"\" \/>\n<\/fieldset>\n<div class=\"uacf7-form-wrapper-container uacf7-form-309  \"><h3>J\u00e4senlomake<\/h3>\n\n<label>Nimi (pakollinen)\n<span class=\"wpcf7-form-control-wrap\" data-name=\"nimi\"><input size=\"40\" maxlength=\"400\" class=\"wpcf7-form-control wpcf7-text wpcf7-validates-as-required\" aria-required=\"true\" aria-invalid=\"false\" value=\"\" type=\"text\" name=\"nimi\" \/><\/span> <\/label>\n\n<label>Kotipaikka (pakollinen)\n<span class=\"wpcf7-form-control-wrap\" data-name=\"kotipaikka\"><input size=\"40\" maxlength=\"400\" class=\"wpcf7-form-control wpcf7-text wpcf7-validates-as-required\" aria-required=\"true\" aria-invalid=\"false\" value=\"\" type=\"text\" name=\"kotipaikka\" \/><\/span> <\/label>\n\n<label>Puhelin\n<span class=\"wpcf7-form-control-wrap\" data-name=\"puhelin\"><input size=\"40\" maxlength=\"400\" class=\"wpcf7-form-control wpcf7-text\" aria-invalid=\"false\" value=\"\" type=\"text\" name=\"puhelin\" \/><\/span> <\/label>\n\n<label>S\u00e4hk\u00f6posti (pakollinen)\n<span class=\"wpcf7-form-control-wrap\" data-name=\"email\"><input size=\"40\" maxlength=\"400\" class=\"wpcf7-form-control wpcf7-email wpcf7-validates-as-required wpcf7-text wpcf7-validates-as-email\" aria-required=\"true\" aria-invalid=\"false\" value=\"\" type=\"email\" name=\"email\" \/><\/span> <\/label>\n\n<label>Valitse j\u00e4senyyden tyyppi (pakollinen)<\/label>\n<span class=\"wpcf7-form-control-wrap\" data-name=\"jasenyyden_tyyppi\"><span class=\"wpcf7-form-control wpcf7-radio\"><span class=\"wpcf7-list-item first\"><label><input type=\"radio\" name=\"jasenyyden_tyyppi\" value=\"Haluan ryhty\u00e4 alakoululaisen kummiksi (45 \u20ac)\" checked=\"checked\" \/><span class=\"wpcf7-list-item-label\">Haluan ryhty\u00e4 alakoululaisen kummiksi (45 \u20ac)<\/span><\/label><\/span><span class=\"wpcf7-list-item\"><label><input type=\"radio\" name=\"jasenyyden_tyyppi\" value=\"Haluan ryhty\u00e4 yl\u00e4koululaisen kummiksi (85 \u20ac)\" \/><span class=\"wpcf7-list-item-label\">Haluan ryhty\u00e4 yl\u00e4koululaisen kummiksi (85 \u20ac)<\/span><\/label><\/span><span class=\"wpcf7-list-item\"><label><input type=\"radio\" name=\"jasenyyden_tyyppi\" value=\"Haluan ryhty\u00e4 yleiskummiksi (ei nimetty\u00e4 kummilasta). Alakoulu 45 \u20ac, yl\u00e4koulu 85 \u20ac.\" \/><span class=\"wpcf7-list-item-label\">Haluan ryhty\u00e4 yleiskummiksi (ei nimetty\u00e4 kummilasta). Alakoulu 45 \u20ac, yl\u00e4koulu 85 \u20ac.<\/span><\/label><\/span><span class=\"wpcf7-list-item last\"><label><input type=\"radio\" name=\"jasenyyden_tyyppi\" value=\"Liityn vain j\u00e4seneksi ilman kummilasta (15 \u20ac). Ty\u00f6tt\u00f6m\u00e4t ja opiskelijat 8 \u20ac\" \/><span class=\"wpcf7-list-item-label\">Liityn vain j\u00e4seneksi ilman kummilasta (15 \u20ac). Ty\u00f6tt\u00f6m\u00e4t ja opiskelijat 8 \u20ac<\/span><\/label><\/span><\/span><\/span>\n<br>\n<span class=\"wpcf7-form-control-wrap\" data-name=\"maksu\"><span class=\"wpcf7-form-control wpcf7-checkbox\"><span class=\"wpcf7-list-item first last\"><label><input type=\"checkbox\" name=\"maksu[]\" value=\"Olen maksanut j\u00e4senmaksun\" \/><span class=\"wpcf7-list-item-label\">Olen maksanut j\u00e4senmaksun<\/span><\/label><\/span><\/span><\/span>\n<br>\n<input class=\"wpcf7-form-control wpcf7-submit has-spinner\" type=\"submit\" value=\"L\u00e4het\u00e4 liittymislomake\" \/><\/div><div class=\"wpcf7-response-output\" aria-hidden=\"true\"><\/div>\n<\/form>\n<\/div>\n\n<p><img loading=\"lazy\" decoding=\"async\" class=\"alignnone size-large wp-image-256\" src=\"https:\/\/martsari-kilingi.fi\/kilingi\/wp-content\/uploads\/4bd3671a-dbd4-415a-978e-2e7ba8014b22-1024x768.jpg\" alt=\"\" width=\"750\" height=\"563\" srcset=\"https:\/\/martsari-kilingi.fi\/kilingi\/wp-content\/uploads\/4bd3671a-dbd4-415a-978e-2e7ba8014b22-1024x768.jpg 1024w, https:\/\/martsari-kilingi.fi\/kilingi\/wp-content\/uploads\/4bd3671a-dbd4-415a-978e-2e7ba8014b22-300x225.jpg 300w, https:\/\/martsari-kilingi.fi\/kilingi\/wp-content\/uploads\/4bd3671a-dbd4-415a-978e-2e7ba8014b22-768x576.jpg 768w, https:\/\/martsari-kilingi.fi\/kilingi\/wp-content\/uploads\/4bd3671a-dbd4-415a-978e-2e7ba8014b22-1536x1152.jpg 1536w, https:\/\/martsari-kilingi.fi\/kilingi\/wp-content\/uploads\/4bd3671a-dbd4-415a-978e-2e7ba8014b22.jpg 2048w\" sizes=\"auto, (max-width: 750px) 100vw, 750px\" \/><\/p>\n","protected":false},"excerpt":{"rendered":"<p>Puheenjohtaja: Jani Puroranta jani.puroranta@gmail.com Rahastonhoitaja: Sinikka Kuusniemi Sihteeri: Marjo Kekki J\u00e4senasiat: Marjo Kekki: marjo.kekki@gmail.com &nbsp; &nbsp; Yhdistyksen rahanker\u00e4yslupa: RA\/2020\/1575 Yhdistyksen j\u00e4senmaksu on 15 euroa (8 euroa opiskelijat ja ty\u00f6tt\u00f6m\u00e4t) Yhdistyksen tilinumero: FI16 4055 0010 9993 87 J\u00e4senmaksun viitenumero: 2053<\/p>\n","protected":false},"author":1,"featured_media":0,"parent":0,"menu_order":0,"comment_status":"closed","ping_status":"closed","template":"","meta":{"footnotes":""},"class_list":["post-20","page","type-page","status-publish","hentry"],"_links":{"self":[{"href":"https:\/\/martsari-kilingi.fi\/kilingi\/wp-json\/wp\/v2\/pages\/20","targetHints":{"allow":["GET"]}}],"collection":[{"href":"https:\/\/martsari-kilingi.fi\/kilingi\/wp-json\/wp\/v2\/pages"}],"about":[{"href":"https:\/\/martsari-kilingi.fi\/kilingi\/wp-json\/wp\/v2\/types\/page"}],"author":[{"embeddable":true,"href":"https:\/\/martsari-kilingi.fi\/kilingi\/wp-json\/wp\/v2\/users\/1"}],"replies":[{"embeddable":true,"href":"https:\/\/martsari-kilingi.fi\/kilingi\/wp-json\/wp\/v2\/comments?post=20"}],"version-history":[{"count":15,"href":"https:\/\/martsari-kilingi.fi\/kilingi\/wp-json\/wp\/v2\/pages\/20\/revisions"}],"predecessor-version":[{"id":314,"href":"https:\/\/martsari-kilingi.fi\/kilingi\/wp-json\/wp\/v2\/pages\/20\/revisions\/314"}],"wp:attachment":[{"href":"https:\/\/martsari-kilingi.fi\/kilingi\/wp-json\/wp\/v2\/media?parent=20"}],"curies":[{"name":"wp","href":"https:\/\/api.w.org\/{rel}","templated":true}]}}